e tens digit of j(g)?
1
Suppose -2*r - 2*r = -80. What is the units digit of r?
0
Let g(n) = -n**2 - 4*n + 4. Suppose -5*t - 2*c - 1 - 14 = 0, -4*c = -20. Let d = t + 1. What is the units digit of g(d)?
4
Let n(o) = o - 3. Let m be n(7). Suppose 0*h = -g - m*h - 14, 4*g = -4*h - 20. What is the units digit of (g/3)/((-2)/6)?
2
What is the hundreds digit of (1/4)/(9/8604)?
2
Let o = -173 + 374. What is the hundreds digit of o?
2
Let u be 128/7 - (-8)/(-28). Let j = 27 - u. Suppose 3*h + 2*o - 15 = -0*h, -5*o = -2*h - j. What is the units digit of h?
3
Let y be 83/((-2 - 0)/(-2)). Suppose 23 - y = -4*f. What is the tens digit of f?
1
Let v = -16 + 20. Suppose v*d = 80 + 12. What is the tens digit of d?
2
Suppose 0 = 11*a + 185 - 581. What is the tens digit of a?
3
Suppose 66 - 318 = -3*a. Suppose 6*c = 2*c + a. Suppose 10 = 5*h, -4*h + c = 2*i - 1. What is the units digit of i?
7
Suppose 0 = -15*t + 2*t + 2912. What is the tens digit of t?
2
Let n be (-6 - -7) + (-1 - -4). Suppose -2*g = g + 4*x - 142, n*x = -2*g + 92. What is the units digit of g?
0
Suppose 4 = 4*t - 12. Suppose l + 94 = 3*r, -t*r + 130 = -5*l + 12. What is the units digit of r?
2
Let i = -84 + 206. What is the hundreds digit of i?
1
What is the hundreds digit of 248 - ((-21)/(-9) - 3)*-6?
2
Let z(k) = -k**2 + 11*k + 7. What is the units digit of z(7)?
5
Let v(l) = l**3 - 5*l**2 + 4*l - 3. Let a be v(3). Let p(h) be the second derivative of -h**3/6 - 4*h**2 - 21*h. What is the units digit of p(a)?
1
Let d be 0/2 + 45/5. Let t(r) = r**3 - 9*r**2 + 4. What is the units digit of t(d)?
4
Let o be -1*5/2*-2. Suppose -4*q + 2*r - 17 = -53, -2*q - o*r = -30. Suppose -l = 4*f - 21, 4*f - q = -5*l - 1. What is the units digit of f?
6
Let u(w) be the first derivative of -2*w**2 - 3*w - 1. Let z be u(-2). Suppose -7 = -f - h, 2*h + 25 = z*f - 17. What is the units digit of f?
8
Let x(n) = -n - 6. Let f be x(-10). Suppose -f*o = -0*o - 8. What is the units digit of o?
2
Let m = 108 + -63. What is the tens digit of m?
4
Let r be (-1)/3 - 24/9. What is the units digit of (-3)/r*(4 + -2)?
2
Let k(x) = 8*x**3 - 4*x**2 + 3*x - 2. What is the hundreds digit of k(3)?
1
Let v = 106 - 62. Suppose 2*m + 2 = v. What is the units digit of m?
1
Let q = 20 - 9. Let z(l) = l**2 + 15*l + 9. Let y be z(-14). Let c = y + q. What is the units digit of c?
6
Suppose 5*l = l - 3*z + 609, -3*l = -4*z - 463. What is the hundreds digit of l?
1
Let j be (0 - -26) + 1 + -1. Let s = 16 + j. What is the tens digit of s?
4
Let q(a) = 3*a - 10. Let x be q(5). What is the units digit of (x/(-3))/(4/(-24))?
0
Let a be 15/5*(-1)/(-1). Let c = a - 2. What is the units digit of (0/3 - 0) + c?
1
Let q = 20 - 10. Suppose 5*d - 5 = q. Suppose 8*c - d*c = 60. What is the tens digit of c?
1
Let z = 38 + -10. What is the units digit of z?
8
Let h(p) = 3*p + 2. Let d be h(1). Suppose 5*w - 87 - 58 = d*l, 0 = -4*l + 4. What is the units digit of w?
0
Let s(g) = g**3 + 5*g**2 - 3*g - 1. Let f be s(-5). What is the units digit of (-15)/(-21) + 4/f?
1
Let g = -137 - -338. What is the hundreds digit of g?
2
Let f = 104 + -11. What is the tens digit of f?
9
Let b = 6 - 8. Let v be 2/((-8)/(-18))*b. What is the units digit of -2 - (v + 0 + 1)?
6
Suppose 45*y = 32*y + 5109. What is the units digit of y?
3
Suppose 0 = 6*h - 2*h + 3*i - 100, -2*i + 50 = 2*h. What is the units digit of h?
5
Let b = -13 + 15. Let o(s) = 5*s**3 + 15*s**2 + 2*s + 7. Let q(w) = -3*w**3 - 8*w**2 - w - 4. Let g(a) = 4*o(a) + 7*q(a). What is the tens digit of g(b)?
1
Let u = -38 + 54. Suppose -2*b + 14 = -z + 2*b, u = 4*b. What is the units digit of z?
2
Let l = 1 + 3. Let h = l + 5. What is the units digit of h?
9
Let w(b) = b**3 - 6*b**2 - 3*b - 7. What is the tens digit of w(7)?
2
Suppose 5*o - 240 = -5*f, -o = -4*f - f + 240. What is the tens digit of f?
4
Suppose -4*b - 9 = -b, -3*v - 2*b + 6 = 0. Let p(f) = -f**3 + 6*f**2 - 5*f - 2. Let j be p(v). Suppose -2*q + 14 = -j. What is the units digit of q?
2
Let b(h) = 1 - 4*h**2 + 2*h + 2*h + 0*h + 0 + h**3. What is the units digit of b(3)?
4
Let y = 3 + -3. Let d(m) = m**2 + m + 1. Let a be d(y). Suppose -3*j = 2*z - 6*z + 16, 3*z = 5*j + a. What is the units digit of z?
7
Let j = -3 + 8. Suppose 3*r = r. Suppose 30 = -r*b + j*b. What is the units digit of b?
6
Suppose a - 17 = -2*g + 5*g, -31 = -3*a + 5*g. Suppose 16 = -a*n + 3*n. Suppose 2*y + 0 - n = 0. What is the units digit of y?
8
Let p(w) = 10*w**2 + 4. What is the tens digit of p(2)?
4
Let b(q) be the second derivative of q**7/2520 + q**6/80 + q**5/30 - q**4/12 - 2*q. Let k(m) be the third derivative of b(m). What is the units digit of k(-9)?
4
Suppose 4*p - 2*y = -0*p, -24 = -4*p - 4*y. Suppose -4*c + 11 = k, -3*c = -p*k - 0*k - 11. Suppose -5 = -c*w + 22. What is the units digit of w?
9
Let j = -69 - -44. Let z = -7 - j. Suppose -3*h = 3*g - 0*h - z, -14 = g - 3*h. What is the units digit of g?
1
Let h = 9 + -11. What is the tens digit of 5/(15/(-18))*h?
1
Let f = 58 - 48. What is the tens digit of f?
1
Suppose 0 = 9*x - 8*x - 4. What is the units digit of x?
4
Let j = 1 - -3. Suppose -j*r + 51 = -9. What is the units digit of r?
5
Suppose 0 = 4*v + 4 - 0. Let c = v + 2. What is the units digit of c/(1/(0 - -9))?
9
Let g(t) = -t**2 + 7*t - 6. Let a be g(5). Suppose -a*m - 5 = 4*z - 77, 0 = 3*z - 9. Suppose -m = -2*l + 5. What is the tens digit of l?
1
What is the hundreds digit of (4/(-3))/(4/(-960)) + -1?
3
What is the units digit of (-1 - -3*6) + (-3 - -2)?
6
What is the tens digit of 4330/10 - (2 + 1)?
3
Let z(w) = 16*w**2 - 4*w + 9. What is the tens digit of z(3)?
4
Suppose 0 = l - 5*a + a + 5, -4*l = -a - 10. Suppose l*g + 4 = -4*i + g, 3*g - 6 = 0. What is the units digit of (3/2)/(i/(-12))?
9
Let o = -12 + 7. Let j = 10 + o. What is the units digit of j?
5
Let z = 18 + 29. What is the units digit of z?
7
What is the units digit of (-32)/80 + (-122)/(-5)?
4
Let k be 64/20 + 1/(-5). Let x be 231/49 + (-4)/(-14). Suppose x*c - 2 = k. What is the units digit of c?
1
Let d be (3 - 2) + (5 - 0). Let g(x) = -x**2 + 7*x - 3. Let o be g(d). Suppose -40 = -i - o*i. What is the tens digit of i?
1
Let i = 8 + -5. Let s(q) = 4 + q - i - 3. What is the units digit of s(5)?
3
Let b(t) = -t**3 + 2*t**2 - 2*t - 12. Let l = 2 + -9. Let v(g) = -2*g**3 + 5*g**2 - 3*g - 23. Let u(q) = l*b(q) + 4*v(q). What is the units digit of u(6)?
4
Let s be -3 + 5 + 5*3. Let o = s - -1. What is the units digit of o?
8
Suppose 16 = 2*r - 106. What is the tens digit of r?
6
Let z = 297 + -152. What is the units digit of z?
5
Let g(m) = -213*m. What is the tens digit of g(-1)?
1
Let g(l) = l**3 + 6*l**2 + 6*l + 7. Let a be g(-5). Let w(c) = 5*c**3 - c - 2. Let y be w(2). Suppose -a*h - h + y = 0. What is the tens digit of h?
1
Suppose -4*h = h - 15. Let j(d) = 1 - h*d + d**3 + 1 + 0*d**3 + 0*d - d**2. What is the units digit of j(3)?
1
Suppose 4*a + 128 = 3*l - l, -68 = -l + 4*a. What is the units digit of l?
0
Suppose 2 = i - 0. Suppose -3*w = i*a - 8, -4*a = -3*w - w + 44. What is the units digit of w?
6
Suppose 8 = -2*h - 0*h. Let o = h + 5. What is the units digit of o?
1
What is the units digit of (144/30)/((-2)/(-20))?
8
Let g(n) be the third derivative of -1/2*n**3 - 1/24*n**4 + 0 + 2*n**2 + 0*n. What is the units digit of g(-5)?
2
Suppose 3 = -3*w - 0. Let n(i) = -3*i - 3. Let s be n(-3). What is the units digit of (8/s)/w*-3?
4
Let g = 0 - 4. What is the units digit of (-4)/(-3)*(-30)/g?
0
Let v(h) = h + 2. What is the units digit of v(5)?
7
What is the tens digit of ((-9)/(-6))/(2/4) - -79?
8
Suppose 4*f + 0*f - 5*b = 26, 0 = 2*f + 3*b - 2. Suppose f*z - 2 = 14. What is the units digit of z?
4
Suppose 0 = -8*m + 3*m + 45. Suppose m*j = 5*j + 48. What is the units digit of j?
2
Let c be 12/(-9)*18/(-2). Let u = 0 + c. What is the tens digit of u?
1
Let x = -8 - -11. Suppose x*c - 39 = -3. What is the units digit of c?
2
Let z = -10 + 13. Suppose 4*w + z = 11. What is the units digit of w?
2
Let l(r) be the first derivative of r**6/360 + r**5/20 + r**4/24 + r**3 - 3. Let q(d) be the third derivative of l(d). What is the units digit of q(-7)?
8
Suppose 0 = -w - 0*w. Let a be (-136)/(-48) + (-1)/(-6). Suppose a*r + 15 = w, 20 = v - r - 2*r. What is the units digit of v?
5